-16).
2, 3
Suppose o - 4 = 1. Let r = o + -1. Suppose w + r*w = 60. What are the prime factors of w?
2, 3
Let q = -87 + 156. List the prime factors of q.
3, 23
Let t(b) = 5 + 7*b - 6*b - b**2 + 3 - 5. What are the prime factors of t(0)?
3
Suppose 0 = -3*c + 5*c + 12. Let g(m) be the second derivative of -m**3/6 + 3*m**2/2 + m. List the prime factors of g(c).
3
Let w = 9 - 11. Let s(y) = -4*y - 2. List the prime factors of s(w).
2, 3
Let a = -108 - -158. List the prime factors of a.
2, 5
Let b = -4 + 9. Let v(o) = -11*o + 2. Let q be v(-1). Suppose b*f - 4*a = 72, 3*a = f - q - 8. List the prime factors of f.
2, 3
Let w(u) = -u**3 + 5*u**2 + u - 1. Let m be w(5). Let y(d) = d**2 - 5*d - 10. Let g be y(7). Suppose -m = g*l - 16. What are the prime factors of l?
3
Let f(l) = l - 2. Let a(d) = -1. Let m(h) = a(h) - f(h). Let x be m(3). Let p = 4 + x. List the prime factors of p.
2
Let p(b) = -b**3 + 8*b**2 + 11*b - 6. Let k be p(9). Suppose n = -n + k. Suppose 9 = 3*h - n. List the prime factors of h.
5
Suppose 2*f - 8 = 0, 0 = 3*n + 2*f + 3*f - 215. Suppose n = -2*u - 3*u. What are the prime factors of (-3 - -5)/((-2)/u)?
13
Let o = -4 - -16. Suppose n - 2*v = 2*v + 42, -41 = -3*n - 5*v. Let p = n - o. List the prime factors of p.
2, 5
What are the prime factors of (9/5)/(1/25)?
3, 5
Suppose 3*u = 94 + 17. List the prime factors of u.
37
Suppose 0 = -4*v - 6 + 14. Suppose -v*c + 0*q - 4*q = -80, c - 61 = 5*q. List the prime factors of c.
2, 23
Let s(v) = -v**3 - 9*v**2 + 7*v - 7. List the prime factors of s(-10).
23
Let z be 9*1 - (3 - 6). Let s be z/20 - (-66)/(-10). Let x = 15 + s. List the prime factors of x.
3
Let t be 3*1/((-6)/(-8)). Suppose -t*a = 5*p, -4*a + 0*p = p - 16. Let o = -3 + a. What are the prime factors of o?
2
Suppose 0 = 4*u - 5*c - 2, 4*u + 5*c - 22 = -0*c. Suppose 0 = j + u*j - 20. What are the prime factors of j?
5
Let c(w) = -124*w + 8. List the prime factors of c(-3).
2, 5, 19
Let b(a) = -a**2 - 13*a + 16. Let s = 8 + -19. List the prime factors of b(s).
2, 19
Let j = 15 - 0. What are the prime factors of j?
3, 5
Suppose 4*r + 11 = c + 4*c, -3*r - 10 = -2*c. List the prime factors of (-12 + c)*(-1 + 0).
13
Suppose 5*z - 7 = -5*s + 2*z, -4*s + 5*z + 13 = 0. Suppose s*w = 4 - 0, 0 = -c + 5*w. List the prime factors of c.
2, 5
Let b = 47 - -294. List the prime factors of b.
11, 31
Suppose 0 = f - 20 - 20. Let t = 60 - f. List the prime factors of t.
2, 5
Suppose 20 = -5*m, 0*q - q - 2*m - 145 = 0. Let t = 197 + q. Suppose 2*p + t = 7*p. List the prime factors of p.
2, 3
Let s be (-4)/14 + 158/14. Let t(k) = k**3 - 11*k**2 + k - 13. Let v be t(s). List the prime factors of -3 - 21/(v - -1).
2, 3
Let p(x) be the first derivative of 4*x**3/3 - 5*x**2/2 + 5*x + 2. Let w be p(5). Suppose -6*j - w = -11*j. What are the prime factors of j?
2
Suppose -z = -5*i + 636, -4*i + 257 = -2*i - 3*z. List the prime factors of i.
127
Let l be (4/(-6))/(10/(-225)). Let o = 31 - l. What are the prime factors of o?
2
Let i(d) = 2*d**3 + 0*d**2 - 3 - 4*d**3 + d**2 + 3*d + d**3. Let l be i(2). Let r(p) = -3*p**3 - 2*p**2 - p. What are the prime factors of r(l)?
2
Let k(b) = -5*b**3 + 3*b - 24. Let t(h) = h**3 - h + 6. Let m(n) = -2*k(n) - 9*t(n). List the prime factors of m(3).
2, 3, 5
Suppose 7*y - 8 = 3*y. What are the prime factors of (-1 + y)*-2 + 9?
7
Suppose 2*t = -1 + 3, -86 = -3*l + t. What are the prime factors of l?
29
Let n be (-4)/(-10) + 2/(-5). Suppose 0 = -4*k - 3*y + 99, 3*y - 4 - 11 = n. List the prime factors of k.
3, 7
Suppose 0 = -3*l + 56 + 31. List the prime factors of l.
29
Suppose 0 = -9*t + 42 + 138. List the prime factors of t.
2, 5
Suppose -442 = -5*z - 12. What are the prime factors of z?
2, 43
Let k = 84 - 66. List the prime factors of k.
2, 3
Suppose 0 = -3*z + 5 + 4, -z + 95 = 4*r. What are the prime factors of r?
23
Let h = 22 + -36. Let k = h + 5. Let b = k - -16. List the prime factors of b.
7
Suppose -5*o - 3*d + 11 = -4*o, 4*o - 2*d - 100 = 0. Let b(f) = f**3 - 4*f**2 + f + 6. Let v be b(4). Let r = o - v. List the prime factors of r.
13
Let l = -5 - -4. What are the prime factors of 2 + -1*7/l?
3
Let p(x) be the third derivative of 0 - 1/24*x**4 + 0*x + 4*x**2 + 5/6*x**3. What are the prime factors of p(-8)?
13
Let y = 11 - 8. Let l(v) = 3*v**3 + 2*v**3 + v**y. List the prime factors of l(1).
2, 3
Let z(q) = q**2 + 7*q + 7. What are the prime factors of z(7)?
3, 5, 7
Let h(n) = 3*n - 5. What are the prime factors of h(6)?
13
Suppose 2*t - 3*t + 30 = 0. List the prime factors of t.
2, 3, 5
Let m(u) = u + 5. Let d be m(-4). Suppose -x = -3*o + 12, 5*o - 5*x - 21 = -d. What are the prime factors of ((-34)/o)/(5/(-10))?
17
Let v be (5 + 0)*(-130)/5. What are the prime factors of (4 + v/8)*-4?
7
Let l(f) = 2*f - 2. Let n be l(2). Suppose n = t - 4. What are the prime factors of t/(-4)*(-42)/9?
7
Let s be 1/(-3) + 2/6. Let k be (-1)/(1/2) - -4. Suppose s = -k*r + 10 + 2. What are the prime factors of r?
2, 3
Let j = -16 + 10. Let w = 4 - j. What are the prime factors of w?
2, 5
Let t = 0 - -1. What are the prime factors of t - (-1 + -1 + 1)?
2
Let r = 2 - -2. Let q(x) = r - 7*x + 1 - 6. List the prime factors of q(-1).
2, 3
List the prime factors of (-254)/(-9) - (-2)/(-9).
2, 7
Suppose -2*d + 131 = -5*o, 4*d = -7*o + 4*o + 197. List the prime factors of d.
53
Let n be ((-3)/(-3) - -2) + -3. Suppose 0*m - 2*m - g = -5, -4*m + 5*g + 31 = n. Suppose -3*j = -d - 22, m*j + 0*j - 61 = -5*d. What are the prime factors of j?
3
Let l(y) = y**3 + 2*y**2 - 4*y - 1. Let k be l(-3). Let s = -11 + k. Let o = s + 16. List the prime factors of o.
7
Suppose -53 - 49 = -2*q. Let t = -27 + q. List the prime factors of t.
2, 3
Let v(z) = -z**2 + 8*z + 9. Let k be v(7). Let r = -24 + k. Let w = r - -20. List the prime factors of w.
2, 3
Suppose 5*s - 2*v - 117 + 43 = 0, -8 = 4*v. Let w = s + -6. Suppose 2*z = -0*z + w. List the prime factors of z.
2
Let c = -11 + 11. Suppose 3*z + 4*w = w + 15, -18 = -5*z + 2*w. Suppose b + 1 + c = 0, -m + 1 = z*b. What are the prime factors of m?
5
Let a be 0 + -3*8/(-3). Suppose 0 = s + 3*s - a. Suppose -13 = -k + w, 22 = s*k - 4*w - 2. List the prime factors of k.
2, 7
Let s(c) = -c**3 + 3*c**2 + 8*c + 4. List the prime factors of s(4).
2, 5
Suppose 0 = 3*o + 4*b - 650 - 61, -3*o = -5*b - 684. What are the prime factors of o?
233
Suppose -3*q + 2*q = -2. List the prime factors of (-540)/(-25) - q/(-5).
2, 11
Suppose -2*o = -2 + 4. Let s = 3 + o. Suppose 0*p = s*p + j - 11, 3*j = -2*p + 13. List the prime factors of p.
5
Let a = 0 - -6. Suppose -c = -4*c + a. Suppose -3*g = 2*k - 23, 6*k + 3*g = c*k + 37. What are the prime factors of k?
7
What are the prime factors of (1 + -2)*99/(-3)?
3, 11
Let v(q) = -6*q - 2. Let p be v(-3). Let t = 27 - p. Let b = t - -2. List the prime factors of b.
13
Let h be (1/2)/(1/6). Suppose 0 = -h*l - l. Suppose -16 = -4*v - 3*j + 27, -3*j - 9 = l. What are the prime factors of v?
13
List the prime factors of ((-69)/2)/(3/(-4)).
2, 23
Suppose 5*z - 5*f = -490, 2*z = -0*z + 4*f - 206. Let c = z + 148. Suppose 6*s - c = s. List the prime factors of s.
11
Let o(i) = 6*i + 3. Suppose 9 - 2 = r. List the prime factors of o(r).
3, 5
Let z = 47 - -15. List the prime factors of z.
2, 31
Let l(k) = k**3 - k**2 - 2*k - 1. Let p be l(2). Let i = 2 - p. List the prime factors of i/(-2)*84/(-9).
2, 7
Let x(g) = -g + 5. Let u be x(4). What are the prime factors of (4 - 4) + 16*u?
2
Suppose 390 + 78 = 3*j. List the prime factors of j.
2, 3, 13
Let n(d) = -d**2 - 4*d. Let l be n(-3). List the prime factors of 6/(-8)*-4*l.
3
Let x = -130 - -184. What are the prime factors of x?
2, 3
What are the prime factors of 39/(-26) + (-854)/(-4)?
2, 53
Let a(v) = 3*v + 15. Let f(i) = 7*i + 31. Let g(w) = 5*a(w) - 2*f(w). List the prime factors of g(0).
13
Suppose 2*c - u = 3*u + 60, 4*c = u + 92. List the prime factors of c.
2, 11
Suppose -3*d = 4*t - 11, 4*d - 3*d - 7 = -2*t. Suppose h + 13 = t*y, 6 = -h + 3*y - 3. List the prime factors of 1/1*0 - h.
3
Suppose 9 = -0*m + 3*m. Let w = m - 2. List the prime factors of (w/(-2))/(1/(-6)).
3
Suppose 0 = f - 3*f - 4, v + f - 8 = 0. Suppose i - 6*i = -v. Let w = 10 - i. List the prime factors of w.
2
Suppose 3*t + 14 = 4*t. What are the prime fact